he prime factors of h.
2, 139
Let z(x) be the third derivative of -1/120*x**6 - 1/4*x**4 + 0 + 5/6*x**3 + 0*x + 3*x**2 + 7/60*x**5. List the prime factors of z(6).
5
What are the prime factors of ((-3773)/21)/((-5)/15)?
7, 11
List the prime factors of (6 - (-336)/20)*555/6.
3, 19, 37
What are the prime factors of (4 + 582)/1 - (-2 - -1)?
587
Suppose -4 = 3*t - 7. Let d(x) = -336*x. Let k(z) = 21*z. Let h(i) = -4*d(i) - 63*k(i). List the prime factors of h(t).
3, 7
Suppose 0 = 3*p + 2*p + 20. Let x(h) = 9 + 3*h + h**3 - 7 - 7*h + 4*h**2. What are the prime factors of x(p)?
2, 3
Suppose 6*l + 4*l - 20280 = 0. List the prime factors of l.
2, 3, 13
Let l(q) = q**3 - 8*q**2 + 7*q - 5. Let k be l(7). Let f be (0 - -3) + 2 + k. Suppose -2*n + 3*b + 74 = -f*b, -n = 5*b - 37. List the prime factors of n.
37
Let j be ((-4)/(-5))/((-6)/30). Let v be 4/(-16)*j*3. Suppose 0*x + v*x - 18 = 0. What are the prime factors of x?
2, 3
List the prime factors of 2113/5 + 42/30.
2, 53
Let l(t) = -5*t**3 + 14*t**2 - 92. What are the prime factors of l(-8)?
2, 29
What are the prime factors of (-3703)/(-63) + 4/18?
59
Suppose -3*n - 4*n = -14. Let i = 4 + -2. Suppose i*z = 5*z + 2*x - 106, z - 42 = -n*x. List the prime factors of z.
2
Let v = 881 + -473. What are the prime factors of v?
2, 3, 17
Suppose -4*d = -5519 + 1307. What are the prime factors of d?
3, 13
Let q be -52*(-4 + (-9)/(-2)). List the prime factors of q*-1*(-9)/(-6).
3, 13
Suppose 0 = 108*d - 130*d + 70290. List the prime factors of d.
3, 5, 71
Suppose -6*y + 75 = -3. Let k = 8 - 5. Let l = y - k. What are the prime factors of l?
2, 5
Suppose 0 = 4*t + 5*r + 13 + 4, 3*t - 5*r = 31. Let z be 28/7 - (1 - t). Suppose z*x - 22 = 4*x. What are the prime factors of x?
2, 11
Suppose 5*i - t - 2259 = 3*t, -2271 = -5*i + t. What are the prime factors of i?
5, 7, 13
Suppose 0 = -12*q + 21 + 3. Suppose -47 = -4*k + u, 18 = -3*k - q*u + 56. What are the prime factors of k?
2, 3
Let x(p) = p**3 - 5*p**2 + 12*p - 1. List the prime factors of x(14).
1931
Let v(s) = 3*s**2 - s. Let k be v(-6). Let u = k - 10. Suppose -3*t + u = t. What are the prime factors of t?
2, 13
Suppose 45*i - 2147 = 9373. What are the prime factors of i?
2
Let q = -5792 + 8125. List the prime factors of q.
2333
Suppose 0 = -66*i + 75*i - 4167. List the prime factors of i.
463
Let j = 74 + 256. List the prime factors of j.
2, 3, 5, 11
Let g be (-1 + -1)/(-4 - -7 - 4). Suppose -4*i = g*d - 170, -3*d + 162 = -d - 4*i. What are the prime factors of d?
83
Let s(k) be the first derivative of 2*k**3 + 3*k**2/2 - 2*k + 18. What are the prime factors of s(-3)?
43
Let h = -593 + 1016. List the prime factors of h.
3, 47
Let t be (-9 + 11)*14/4. Let j(o) = -2*o + 2 - 5 + 2*o + t*o. List the prime factors of j(3).
2, 3
Let r be 60/(-14) - 8/(-28). What are the prime factors of ((-2)/(-6) - 1255/30)*r?
2, 83
Suppose -4*h + 142 = -54. Let q = -334 - -322. Let g = h + q. What are the prime factors of g?
37
Let s = -44 + 62. Let b(i) = -i**2 + 8*i + 7. Let a be b(9). Let p = a + s. List the prime factors of p.
2
Let r(a) = -13*a**3 + 4*a**2 - 4. Let v be r(-4). Suppose 3*c - 3*g - 565 = 95, g = 4*c - v. List the prime factors of c.
2, 7
Let j(x) = 39*x**2 + x + 8. What are the prime factors of j(-3)?
2, 89
Suppose 4*a - 2*t - 5672 = -286, 2*t = -2*a + 2708. What are the prime factors of a?
19, 71
Suppose -2*t - 6 = -4*l, t - 12 = 4*l - 5. Let v = t + 13. Suppose -2*g + d + 4 = v, 2*d = 4*g + 3*d - 20. What are the prime factors of g?
2
Suppose -2*l - 4*d = -18, -3*l - 18 = -5*l + 4*d. List the prime factors of l.
3
Let f(r) = -7*r**3 - r**2 + r + 1. Let v be f(-1). Let y(p) = 8 - 1 + 2*p + 4*p**3 + 6*p**2 - 5*p**3. What are the prime factors of y(v)?
19
Let o(j) = -15*j**2 - j - 2. Let m be o(-1). Let t be 3*m/(-12) + 287. Suppose 2*y + t = 5*f, 1 - 5 = -2*y. List the prime factors of f.
59
Suppose 4*a - 22 = 2*t, 0 = 2*a - 5*a + 4*t + 29. Suppose 0 = -l + 2*r + 151, 720 = l + 4*l - a*r. What are the prime factors of l?
3, 47
Let v(u) = u**2 + 10*u - 19. Let l be v(-12). Suppose 3*t + l*i - 41 = 37, -60 = -3*t + i. What are the prime factors of t?
3, 7
Let b(h) = -9*h**2 + 5*h - 4. Let k(x) = -13*x**2 + 8*x - 6. Let n(c) = 7*b(c) - 5*k(c). Let l = 6 - 3. List the prime factors of n(l).
5
Suppose -27 = -4*r - 7. Suppose -2*i + r*i - 60 = 0. List the prime factors of i.
2, 5
Suppose 4*s - 3843 = -5*s. List the prime factors of s.
7, 61
Suppose 7*x + 1784 = -7*q + 8*q, 4*q + 5*x - 7169 = 0. List the prime factors of q.
3, 199
Let y(p) = -p**3 + 3*p**2 + 7*p + 2. Let b be y(4). Let r = -18 + b. What are the prime factors of (-1 - r)/(2/14)?
3, 7
Suppose -5*o - 100 = 5*z - 0*o, -2*o - 2 = 0. Let v = z - -36. List the prime factors of v.
17
Let i(b) = b**2 - 5*b - 22. Suppose -3*m + 7 + 26 = 0. What are the prime factors of i(m)?
2, 11
List the prime factors of (-2)/4 + 42/12*233.
5, 163
Let r(g) = -655*g + 5. Let k be r(-2). Suppose 10*a = k + 505. List the prime factors of a.
2, 7, 13
Suppose 22*v - 66 = 22. Suppose -382 = 2*s - v*s. What are the prime factors of s?
191
Let g = -37 - -83. Suppose -5*a + z + 47 = 182, -43 = a + 3*z. Let x = a + g. What are the prime factors of x?
2, 3
Let y be (-39)/(-26) + (-10)/(-4). Suppose 4*n - n = -5*c + 105, -5*c + 70 = -y*n. What are the prime factors of 4/c + 2191/63?
5, 7
Let p = 4831 + -2150. What are the prime factors of p?
7, 383
Suppose 4*v + 11 + 65 = 0. List the prime factors of v*(-1 - 2) - -3.
2, 3, 5
Suppose -85 = -2*s + 27. What are the prime factors of (s/(-20))/(2/(-100))?
2, 5, 7
Suppose 8 = 19*n - 23*n. Suppose 27 = -3*i + 3*r, r - 4 = -r. Let t = n - i. What are the prime factors of t?
5
Let g be 334/(-6)*(1 + -4). Let w = -35 + g. What are the prime factors of w?
2, 3, 11
List the prime factors of (-7440)/(-76) + 7 - (-4)/38.
3, 5, 7
Suppose -5*l + t = -203, -102 = -4*l - 2*t + 66. Suppose -5*y + 249 = -l. What are the prime factors of y?
2, 29
Let w = 24 + -21. Suppose -q + 51 - w = -4*z, 0 = q + 5*z - 30. What are the prime factors of q?
2, 5
Let f = 31 + -11. Suppose -f = 4*w - 556. List the prime factors of w.
2, 67
Let n(o) be the first derivative of 4*o**2 - 9*o - 7. Let k be n(7). Let l = k - 29. List the prime factors of l.
2, 3
Let j = -1897 + 2587. List the prime factors of j.
2, 3, 5, 23
Let w = -396 - -754. Let d = -173 + w. What are the prime factors of d?
5, 37
Suppose y - 3*x - 13 = 0, 4*y = -2*x - 2*x + 20. Suppose 248 + 165 = y*i. List the prime factors of i.
59
Let u(c) = 77*c + 69. List the prime factors of u(4).
13, 29
Let s be -4 - -2*35/10. Suppose -3*b - s*l + 109 + 62 = 0, -281 = -5*b - 4*l. List the prime factors of b.
53
Let d(u) = 3*u - 3. Let y be d(1). Suppose 3*f - 5 = 2*x - y*x, 0 = -2*x - 3*f + 25. Suppose -6*c = -7 - x. List the prime factors of c.
2
List the prime factors of (-13093)/(-13) + -3 + 518/182.
19, 53
Let s(a) be the second derivative of 23*a**3/6 + 7*a**2/2 + 20*a. What are the prime factors of s(3)?
2, 19
Let z(p) = -p**2 + 3*p. Let v be z(4). Let c = v - -7. Suppose b - 97 = -4*g, -2*g + b + c*b = -26. What are the prime factors of g?
23
Let l(d) = 6*d**3 - 6*d - 17. Let z(o) = o**3 - o - 3. Let f(w) = 6*l(w) - 34*z(w). What are the prime factors of f(2)?
2, 3
Let w(m) = m**3 - 2*m**2 + m + 3. Let s be w(0). Suppose -s*g - 2*j = -649, 2*g + 4*j = 668 - 246. List the prime factors of g.
3, 73
Let z(y) = 4*y**2 + 15*y + 7. Let r be z(-17). Suppose -2*p + 3*q + 366 = 0, 5*p = 2*q + 2*q + r. What are the prime factors of p?
2, 3, 5
Let p be 6 - 10 - (-5 - -1). Suppose 7*z - 10*z + 33 = p. What are the prime factors of z?
11
Let m(a) = a**2 - 4*a - 3. Let t be m(4). Let b be 1/t + (-138)/(-9). Suppose -5*h - b = 0, -2*l - 4*h = -46 - 60. List the prime factors of l.
59
Suppose 5*j - 3*x = 1324 - 3527, 1752 = -4*j + 5*x. Let v = j - -142. What are the prime factors of v/(-21) + (-1)/3?
2, 7
Suppose 44*d + 11 = 45*d. Suppose 0 = -4*x + 4*t - 440, -4*x + d = 2*t + 421. List the prime factors of (24/(-10))/(6/x).
2, 3, 7
Let u be -2 - (6 + (-2)/(-3)*-3). Let h = -2 - 3. What are the prime factors of u - h - (-15 - 0)?
2, 7
Let n = 7 + -2. Suppose -2*o - 23 = -3*b, -28 - n = -5*b + 2*o. List the prime factors of b.
5
Let v(l) = 2*l - 13 + 5 + 14*l**2 + 9. Let c b